{"id":216,"date":"2023-01-31T16:25:42","date_gmt":"2023-01-31T15:25:42","guid":{"rendered":"https:\/\/cartography.tuwien.ac.at\/bpetchenik\/?page_id=216"},"modified":"2023-01-31T16:33:20","modified_gmt":"2023-01-31T15:33:20","slug":"mit-den-augen-der-kinder","status":"publish","type":"page","link":"https:\/\/cartography.tuwien.ac.at\/bpetchenik\/mit-den-augen-der-kinder\/","title":{"rendered":"Mit den Augen der Kinder"},"content":{"rendered":"<figure id=\"attachment_220\" aria-describedby=\"caption-attachment-220\" style=\"width: 340px\" class=\"wp-caption alignright\"><img loading=\"lazy\" decoding=\"async\" class=\"wp-image-220\" src=\"https:\/\/cartography.tuwien.ac.at\/bpetchenik\/wp-content\/uploads\/2023\/01\/RebeccaKneale_15Jahre_2017-297x300.jpg\" alt=\"Rebecca Kneale &amp; Akira McTavish-Huriwai (15) Through a Child's Eyes, New Zealand, 2017\" width=\"340\" height=\"344\" srcset=\"https:\/\/cartography.tuwien.ac.at\/bpetchenik\/wp-content\/uploads\/2023\/01\/RebeccaKneale_15Jahre_2017-297x300.jpg 297w, https:\/\/cartography.tuwien.ac.at\/bpetchenik\/wp-content\/uploads\/2023\/01\/RebeccaKneale_15Jahre_2017-768x776.jpg 768w, https:\/\/cartography.tuwien.ac.at\/bpetchenik\/wp-content\/uploads\/2023\/01\/RebeccaKneale_15Jahre_2017.jpg 900w\" sizes=\"auto, (max-width: 340px) 100vw, 340px\" \/><figcaption id=\"caption-attachment-220\" class=\"wp-caption-text\">Rebecca Kneale &amp; Akira McTavish-Huriwai (15) Through a Child&#8217;s Eyes, New Zealand, 2017<\/figcaption><\/figure>\n<p>Kinder besitzen je nach kognitivem Stadium und Wissen ein intuitives Gef\u00fchl f\u00fcr Umweltver\u00e4nderungen und soziale Ungerechtigkeiten. Studien zeigen die differenzierte Wahrnehmung von Kinder im Grundschulalter auf ihre Umwelt.<br \/>\nSie sind in der Lage, die gegenseitige Beeinflussung von verschiedenen Faktoren, wie W\u00e4lder, Fl\u00fcsse, Fauna, Flora, menschliche Aktivit\u00e4ten, zu erkennen.<\/p>\n<p>Es lohnt sich, die Gedanken der Kinder zu erforschen. Besonders wichtig sind die Ansichten der Kinder zu langfristigen Themen, welche einen direkten Einfluss<br \/>\nauf die Zukunft der Kinder haben.<\/p>\n<figure id=\"attachment_222\" aria-describedby=\"caption-attachment-222\" style=\"width: 335px\" class=\"wp-caption alignleft\"><img loading=\"lazy\" decoding=\"async\" class=\"wp-image-222\" src=\"https:\/\/cartography.tuwien.ac.at\/bpetchenik\/wp-content\/uploads\/2023\/01\/StellaLunaSzabo_5Jahre_2019-297x300.jpg\" alt=\"Stella Luna Szabo (5) The World in the Flowers, Slovenia, 2019\" width=\"335\" height=\"338\" srcset=\"https:\/\/cartography.tuwien.ac.at\/bpetchenik\/wp-content\/uploads\/2023\/01\/StellaLunaSzabo_5Jahre_2019-297x300.jpg 297w, https:\/\/cartography.tuwien.ac.at\/bpetchenik\/wp-content\/uploads\/2023\/01\/StellaLunaSzabo_5Jahre_2019-150x150.jpg 150w, https:\/\/cartography.tuwien.ac.at\/bpetchenik\/wp-content\/uploads\/2023\/01\/StellaLunaSzabo_5Jahre_2019-768x776.jpg 768w, https:\/\/cartography.tuwien.ac.at\/bpetchenik\/wp-content\/uploads\/2023\/01\/StellaLunaSzabo_5Jahre_2019.jpg 900w\" sizes=\"auto, (max-width: 335px) 100vw, 335px\" \/><figcaption id=\"caption-attachment-222\" class=\"wp-caption-text\">Stella Luna Szabo (5) The World in the Flowers, Slovenia, 2019<\/figcaption><\/figure>\n<p>Kinder spielen eine besondere Rolle beim Erreichen der UN-Nachhaltigkeitsziele. Sie sind jung und gestalten ihre Zukunft. Deshalb sollten jegliche Ver\u00e4nderungen, die f\u00fcr ein nachhaltiges \u00d6kosystem notwendig sind, fr\u00fch in der Kindheit und in den elementaren Entwicklungsphasen etabliert werden, um schlie\u00dflich ein nat\u00fcrlicher Bestandteil der Lebensweise des Erwachsenen zu sein.<\/p>\n<p>Gedanken k\u00f6nnen durch verschiedene Ausdrucksformen kommuniziert wer-<br \/>\nden, wie z.B. Malen, Zeichnen, Basteln, Schreiben, Sprechen oder Geschichten<br \/>\nerz\u00e4hlen. Wenn Kinder ihr Verhalten in der Umwelt aktiv reflektieren, k\u00f6nnen<br \/>\nsie ihre Gedanken mit Hilfe der Symbolsprache ihrer Zeichnungen mitteilen.<\/p>\n<figure id=\"attachment_219\" aria-describedby=\"caption-attachment-219\" style=\"width: 344px\" class=\"wp-caption alignright\"><img loading=\"lazy\" decoding=\"async\" class=\"wp-image-219\" src=\"https:\/\/cartography.tuwien.ac.at\/bpetchenik\/wp-content\/uploads\/2023\/01\/CharlieBlampied_9Jahre_2017-297x300.jpg\" alt=\"Charlie Blampied (9) A melting world, New Zealand, 2017\" width=\"344\" height=\"348\" srcset=\"https:\/\/cartography.tuwien.ac.at\/bpetchenik\/wp-content\/uploads\/2023\/01\/CharlieBlampied_9Jahre_2017-297x300.jpg 297w, https:\/\/cartography.tuwien.ac.at\/bpetchenik\/wp-content\/uploads\/2023\/01\/CharlieBlampied_9Jahre_2017-768x776.jpg 768w, https:\/\/cartography.tuwien.ac.at\/bpetchenik\/wp-content\/uploads\/2023\/01\/CharlieBlampied_9Jahre_2017.jpg 900w\" sizes=\"auto, (max-width: 344px) 100vw, 344px\" \/><figcaption id=\"caption-attachment-219\" class=\"wp-caption-text\">Charlie Blampied (9) A melting world, New Zealand, 2017<\/figcaption><\/figure>\n<p>Eine Karte ist eine spezielle Form des Zeichnens, die im Allgemeinen dazu verwendet wird, r\u00e4umliche Beziehungen und Sachverhalte darzustellen. Einige Studienergebnisse weisen darauf hin, dass Kinder ein Verst\u00e4ndnis f\u00fcr aktuelle und zuk\u00fcnftige Umweltgeschehnisse haben und diese auch in Zusammenhang<br \/>\nmit der Landschaft bringen k\u00f6nnen.<\/p>\n<p>Kinderkarten nutzen diese Verkn\u00fcpfungen und dr\u00fccken Kindergedanken mit einfacher und manchmal eigenwilliger Symbolik aus. Beispiele des zweij\u00e4hrlichen Barbara Petchenik-Kartenwettbewerbs der International Cartographic Association beleuchten diese unterschiedlichen grafischen Ausdrucksformen von Kinderkarten.<\/p>\n<p>&nbsp;<\/p>\n<p style=\"text-align: center;\"><a href=\"https:\/\/sdggeneration.cartography.at\/index.html#impressum_book01_SDG\" target=\"_blank\" rel=\"noopener\"><em>Quelle dieses Beitrages ist das Buch &#8222;SDGs IN ACTION Sichtweisen von Generationen\u00a0a generations&#8216; view&#8220;<\/em><\/a><\/p>\n<p><img loading=\"lazy\" decoding=\"async\" class=\"aligncenter wp-image-221\" src=\"https:\/\/cartography.tuwien.ac.at\/bpetchenik\/wp-content\/uploads\/2023\/01\/sdggen-buch-1-952x898-1-300x283.jpg\" alt=\"SDGs in Action - Sichtweisen von Generationen\" width=\"199\" height=\"188\" srcset=\"https:\/\/cartography.tuwien.ac.at\/bpetchenik\/wp-content\/uploads\/2023\/01\/sdggen-buch-1-952x898-1-300x283.jpg 300w, https:\/\/cartography.tuwien.ac.at\/bpetchenik\/wp-content\/uploads\/2023\/01\/sdggen-buch-1-952x898-1-768x724.jpg 768w, https:\/\/cartography.tuwien.ac.at\/bpetchenik\/wp-content\/uploads\/2023\/01\/sdggen-buch-1-952x898-1.jpg 952w\" sizes=\"auto, (max-width: 199px) 100vw, 199px\" \/><\/p>\n","protected":false},"excerpt":{"rendered":"<p>Kinder besitzen je nach kognitivem Stadium und Wissen ein intuitives Gef\u00fchl f\u00fcr Umweltver\u00e4nderungen und soziale Ungerechtigkeiten. Studien zeigen die differenzierte Wahrnehmung von Kinder im Grundschulalter auf ihre Umwelt. Sie sind in der Lage, die gegenseitige Beeinflussung von verschiedenen Faktoren, wie W\u00e4lder, Fl\u00fcsse, Fauna, Flora, menschliche Aktivit\u00e4ten, zu erkennen. Es lohnt sich, die Gedanken der Kinder &hellip; <a href=\"https:\/\/cartography.tuwien.ac.at\/bpetchenik\/mit-den-augen-der-kinder\/\" class=\"more-link\"><span class=\"screen-reader-text\">Mit den Augen der Kinder<\/span> weiterlesen<\/a><\/p>\n","protected":false},"author":9,"featured_media":0,"parent":0,"menu_order":0,"comment_status":"closed","ping_status":"closed","template":"","meta":{"footnotes":""},"class_list":["post-216","page","type-page","status-publish","hentry"],"_links":{"self":[{"href":"https:\/\/cartography.tuwien.ac.at\/bpetchenik\/wp-json\/wp\/v2\/pages\/216","targetHints":{"allow":["GET"]}}],"collection":[{"href":"https:\/\/cartography.tuwien.ac.at\/bpetchenik\/wp-json\/wp\/v2\/pages"}],"about":[{"href":"https:\/\/cartography.tuwien.ac.at\/bpetchenik\/wp-json\/wp\/v2\/types\/page"}],"author":[{"embeddable":true,"href":"https:\/\/cartography.tuwien.ac.at\/bpetchenik\/wp-json\/wp\/v2\/users\/9"}],"replies":[{"embeddable":true,"href":"https:\/\/cartography.tuwien.ac.at\/bpetchenik\/wp-json\/wp\/v2\/comments?post=216"}],"version-history":[{"count":9,"href":"https:\/\/cartography.tuwien.ac.at\/bpetchenik\/wp-json\/wp\/v2\/pages\/216\/revisions"}],"predecessor-version":[{"id":232,"href":"https:\/\/cartography.tuwien.ac.at\/bpetchenik\/wp-json\/wp\/v2\/pages\/216\/revisions\/232"}],"wp:attachment":[{"href":"https:\/\/cartography.tuwien.ac.at\/bpetchenik\/wp-json\/wp\/v2\/media?parent=216"}],"curies":[{"name":"wp","href":"https:\/\/api.w.org\/{rel}","templated":true}]}}